
List the prime factors of 12815.
5, 11, 233
What are the prime factors of 4763?
11, 433
What are the prime factors of 109359?
3, 29, 419
List the prime factors of 10778.
2, 17, 317
List the prime factors of 6582.
2, 3, 1097
What are the prime factors of 823?
823
What are the prime factors of 24163?
73, 331
What are the prime factors of 2459?
2459
What are the prime factors of 1382?
2, 691
List the prime factors of 5304.
2, 3, 13, 17
What are the prime factors of 888?
2, 3, 37
List the prime factors of 10351.
11, 941
What are the prime factors of 37400?
2, 5, 11, 17
What are the prime factors of 22739?
22739
What are the prime factors of 895?
5, 179
What are the prime factors of 16160?
2, 5, 101
List the prime factors of 9731.
37, 263
What are the prime factors of 29?
29
List the prime factors of 467.
467
What are the prime factors of 49241?
41, 1201
What are the prime factors of 25300?
2, 5, 11, 23
List the prime factors of 1217.
1217
List the prime factors of 5252.
2, 13, 101
List the prime factors of 8934.
2, 3, 1489
List the prime factors of 8827.
7, 13, 97
What are the prime factors of 44548?
2, 7, 37, 43
What are the prime factors of 16492?
2, 7, 19, 31
What are the prime factors of 11028?
2, 3, 919
List the prime factors of 27158.
2, 37, 367
What are the prime factors of 28680?
2, 3, 5, 239
What are the prime factors of 12652?
2, 3163
List the prime factors of 6215.
5, 11, 113
List the prime factors of 1543.
1543
What are the prime factors of 3795?
3, 5, 11, 23
What are the prime factors of 18172?
2, 7, 11, 59
List the prime factors of 54666.
2, 3, 3037
List the prime factors of 106.
2, 53
What are the prime factors of 2545?
5, 509
What are the prime factors of 32593?
11, 2963
What are the prime factors of 14608?
2, 11, 83
What are the prime factors of 1612?
2, 13, 31
List the prime factors of 5190.
2, 3, 5, 173
What are the prime factors of 55103?
55103
What are the prime factors of 21275?
5, 23, 37
What are the prime factors of 2550?
2, 3, 5, 17
What are the prime factors of 1316?
2, 7, 47
List the prime factors of 32729.
23, 1423
What are the prime factors of 29055?
3, 5, 13, 149
What are the prime factors of 2076?
2, 3, 173
List the prime factors of 8910.
2, 3, 5, 11
List the prime factors of 6455.
5, 1291
What are the prime factors of 4166?
2, 2083
List the prime factors of 82100.
2, 5, 821
List the prime factors of 1723.
1723
What are the prime factors of 649?
11, 59
What are the prime factors of 31609?
73, 433
What are the prime factors of 3716?
2, 929
What are the prime factors of 1706?
2, 853
List the prime factors of 1480.
2, 5, 37
What are the prime factors of 5691?
3, 7, 271
List the prime factors of 14299.
79, 181
What are the prime factors of 21954?
2, 3, 3659
What are the prime factors of 72830?
2, 5, 7283
What are the prime factors of 127923?
3, 42641
What are the prime factors of 371?
7, 53
What are the prime factors of 55848?
2, 3, 13, 179
What are the prime factors of 1804?
2, 11, 41
List the prime factors of 34783.
7, 4969
List the prime factors of 3676.
2, 919
What are the prime factors of 147403?
223, 661
What are the prime factors of 4159?
4159
List the prime factors of 821.
821
What are the prime factors of 7801?
29, 269
What are the prime factors of 2292?
2, 3, 191
List the prime factors of 28667.
109, 263
What are the prime factors of 4876?
2, 23, 53
What are the prime factors of 176575?
5, 7, 1009
What are the prime factors of 34?
2, 17
What are the prime factors of 12317?
109, 113
List the prime factors of 843.
3, 281
What are the prime factors of 11221?
7, 229
List the prime factors of 94.
2, 47
What are the prime factors of 39269?
107, 367
What are the prime factors of 5045?
5, 1009
What are the prime factors of 6355?
5, 31, 41
What are the prime factors of 1632?
2, 3, 17
List the prime factors of 41360.
2, 5, 11, 47
What are the prime factors of 633?
3, 211
List the prime factors of 50469.
3, 16823
What are the prime factors of 9766?
2, 19, 257
List the prime factors of 24455.
5, 67, 73
List the prime factors of 4535.
5, 907
List the prime factors of 1246.
2, 7, 89
List the prime factors of 243.
3
List the prime factors of 1106.
2, 7, 79
What are the prime factors of 94972?
2, 23743
What are the prime factors of 79279?
79279
What are the prime factors of 18616?
2, 13, 179
What are the prime factors of 9660?
2, 3, 5, 7, 23
List the prime factors of 11360.
2, 5, 71
List the prime factors of 37116.
2, 3, 1031
What are the prime factors of 5783?
5783
List the prime factors of 703.
19, 37
What are the prime factors of 4640?
2, 5, 29
List the prime factors of 606.
2, 3, 101
List the prime factors of 92979.
3, 10331
List the prime factors of 29013.
3, 19, 509
List the prime factors of 5320.
2, 5, 7, 19
What are the prime factors of 1320?
2, 3, 5, 11
List the prime factors of 35474.
2, 17737
List the prime factors of 11385.
3, 5, 11, 23
What are the prime factors of 3815?
5, 7, 109
List the prime factors of 9921.
3, 3307
List the prime factors of 336.
2, 3, 7
What are the prime factors of 272?
2, 17
List the prime factors of 64795.
5, 12959
List the prime factors of 4388.
2, 1097
List the prime factors of 8025.
3, 5, 107
List the prime factors of 2445.
3, 5, 163
What are the prime factors of 75?
3, 5
What are the prime factors of 5662?
2, 19, 149
List the prime factors of 1879.
1879
List the prime factors of 12366.
2, 3, 229
List the prime factors of 2019.
3, 673
List the prime factors of 2705.
5, 541
What are the prime factors of 2989?
7, 61
What are the prime factors of 16585?
5, 31, 107
What are the prime factors of 228?
2, 3, 19
What are the prime factors of 1861?
1861
List the prime factors of 1382.
2, 691
What are the prime factors of 3918?
2, 3, 653
List the prime factors of 2371.
2371
List the prime factors of 2111.
2111
What are the prime factors of 3507?
3, 7, 167
What are the prime factors of 33857?
33857
What are the prime factors of 3454?
2, 11, 157
What are the prime factors of 5313?
3, 7, 11, 23
What are the prime factors of 941?
941
What are the prime factors of 111749?
11, 10159
List the prime factors of 4673.
4673
What are the prime factors of 3407?
3407
What are the prime factors of 6047?
6047
What are the prime factors of 50063?
13, 3851
List the prime factors of 7776.
2, 3
What are the prime factors of 4537?
13, 349
List the prime factors of 58718.
2, 11, 17, 157
List the prime factors of 105303.
3, 11, 3191
What are the prime factors of 1477?
7, 211
List the prime factors of 7551.
3, 839
List the prime factors of 714.
2, 3, 7, 17
What are the prime factors of 10060?
2, 5, 503
What are the prime factors of 1851?
3, 617
What are the prime factors of 568?
2, 71
List the prime factors of 364.
2, 7, 13
What are the prime factors of 42217?
7, 37, 163
List the prime factors of 707.
7, 101
List the prime factors of 37058.
2, 7, 2647
List the prime factors of 36857.
36857
List the prime factors of 591.
3, 197
What are the prime factors of 118997?
19, 6263
List the prime factors of 62793.
3, 6977
List the prime factors of 18779.
89, 211
List the prime factors of 2230.
2, 5, 223
List the prime factors of 3929.
3929
What are the prime factors of 5412?
2, 3, 11, 41
List the prime factors of 112056.
2, 3, 7, 23, 29
What are the prime factors of 1817?
23, 79
What are the prime factors of 67301?
13, 31, 167
List the prime factors of 13372.
2, 3343
List the prime factors of 70083.
3, 13, 599
What are the prime factors of 19655?
5, 3931
List the prime factors of 3782.
2, 31, 61
What are the prime factors of 11320?
2, 5, 283
List the prime factors of 10598.
2, 7, 757
What are the prime factors of 10055?
5, 2011
What are the prime factors of 11014?
2, 5507
List the prime factors of 1279.
1279
What are the prime factors of 549?
3, 61
List the prime factors of 3583.
3583
List the prime factors of 1184.
2, 37
List the prime factors of 298.
2, 149
What are the prime factors of 78311?
78311
List the prime factors of 1235.
5, 13, 19
What are the prime factors of 2056?
2, 257
What are the prime factors of 4029?
3, 17, 79
List the prime factors of 70334.
2, 11, 23, 139
What are the prime factors of 1523?
1523
List the prime factors of 25084.
2, 6271
What are the prime factors of 7267?
13, 43
List the prime factors 